divided by 21?
19
What is the remainder when 21 is divided by 3?
0
What is the remainder when 124 is divided by 5?
4
Calculate the remainder when 389 is divided by 267.
122
What is the remainder when 16907 is divided by 178?
175
Calculate the remainder when 63 is divided by 14.
7
What is the remainder when 877 is divided by 55?
52
What is the remainder when 760 is divided by 191?
187
Calculate the remainder when 29699 is divided by 132.
131
Calculate the remainder when 3471 is divided by 31.
30
Calculate the remainder when 180 is divided by 32.
20
Calculate the remainder when 500 is divided by 16.
4
What is the remainder when 2320 is divided by 68?
8
What is the remainder when 137 is divided by 16?
9
What is the remainder when 2011 is divided by 61?
59
What is the remainder when 97 is divided by 21?
13
What is the remainder when 1000 is divided by 11?
10
What is the remainder when 3 is divided by 2?
1
What is the remainder when 89 is divided by 87?
2
What is the remainder when 164 is divided by 14?
10
What is the remainder when 108 is divided by 32?
12
Calculate the remainder when 310 is divided by 61.
5
Calculate the remainder when 1005 is divided by 56.
53
What is the remainder when 1099 is divided by 273?
7
Calculate the remainder when 168 is divided by 135.
33
What is the remainder when 45 is divided by 36?
9
What is the remainder when 690 is divided by 9?
6
What is the remainder when 2745 is divided by 12?
9
Calculate the remainder when 767 is divided by 55.
52
Calculate the remainder when 187 is divided by 10.
7
What is the remainder when 176 is divided by 111?
65
What is the remainder when 375 is divided by 7?
4
Calculate the remainder when 291 is divided by 42.
39
Calculate the remainder when 321 is divided by 109.
103
Calculate the remainder when 142 is divided by 48.
46
What is the remainder when 831 is divided by 32?
31
Calculate the remainder when 325 is divided by 42.
31
What is the remainder when 205 is divided by 65?
10
Calculate the remainder when 831 is divided by 65.
51
Calculate the remainder when 432 is divided by 157.
118
Calculate the remainder when 175 is divided by 11.
10
Calculate the remainder when 709 is divided by 135.
34
What is the remainder when 1384 is divided by 686?
12
What is the remainder when 62 is divided by 7?
6
What is the remainder when 162 is divided by 45?
27
Calculate the remainder when 4439 is divided by 3.
2
What is the remainder when 2500 is divided by 830?
10
Calculate the remainder when 129 is divided by 37.
18
What is the remainder when 59 is divided by 11?
4
Calculate the remainder when 683 is divided by 36.
35
What is the remainder when 50 is divided by 26?
24
What is the remainder when 182 is divided by 19?
11
What is the remainder when 29273 is divided by 25?
23
What is the remainder when 8696 is divided by 39?
38
What is the remainder when 1023 is divided by 64?
63
Calculate the remainder when 32 is divided by 16.
0
Calculate the remainder when 72 is divided by 19.
15
Calculate the remainder when 28 is divided by 9.
1
What is the remainder when 10324 is divided by 59?
58
What is the remainder when 430 is divided by 62?
58
What is the remainder when 807 is divided by 157?
22
Calculate the remainder when 892 is divided by 88.
12
Calculate the remainder when 242 is divided by 116.
10
What is the remainder when 593 is divided by 195?
8
What is the remainder when 1057 is divided by 213?
205
Calculate the remainder when 347 is divided by 58.
57
What is the remainder when 4426 is divided by 2211?
4
What is the remainder when 269 is divided by 54?
53
What is the remainder when 1725 is divided by 17?
8
Calculate the remainder when 1319 is divided by 437.
8
Calculate the remainder when 847 is divided by 142.
137
Calculate the remainder when 206 is divided by 15.
11
What is the remainder when 186 is divided by 63?
60
What is the remainder when 468 is divided by 23?
8
Calculate the remainder when 939 is divided by 168.
99
Calculate the remainder when 283 is divided by 50.
33
What is the remainder when 9646 is divided by 72?
70
Calculate the remainder when 697 is divided by 63.
4
Calculate the remainder when 323 is divided by 25.
23
What is the remainder when 443 is divided by 26?
1
What is the remainder when 259 is divided by 41?
13
What is the remainder when 1181 is divided by 235?
6
What is the remainder when 103 is divided by 60?
43
Calculate the remainder when 83 is divided by 14.
13
Calculate the remainder when 182 is divided by 23.
21
What is the remainder when 207 is divided by 56?
39
Calculate the remainder when 305 is divided by 98.
11
What is the remainder when 191 is divided by 50?
41
Calculate the remainder when 1078 is divided by 276.
250
Calculate the remainder when 260 is divided by 22.
18
Calculate the remainder when 1823 is divided by 24.
23
What is the remainder when 703 is divided by 23?
13
What is the remainder when 571 is divided by 13?
12
What is the remainder when 825 is divided by 12?
9
What is the remainder when 59 is divided by 9?
5
What is the remainder when 854 is divided by 142?
2
Calculate the remainder when 264 is divided by 9.
3
What is the remainder when 516 is divided by 37?
35
What is the remainder when 2189 is divided by 145?
14
Calculate the remainder when 71 is divided by 11.
5
Calculate the remainder when 334 is divided by 67.
66
What is the remainder when 49 is divided by 13?
10
Calculate the remainder when 6552 is divided by 95.
92
What is the remainder when 1759 is divided by 11?
10
Calculate the remainder when 150 is divided by 31.
26
Calculate the remainder when 1602 is divided by 265.
12
Calculate the remainder when 459 is divided by 99.
63
Calculate the remainder when 594 is divided by 154.
132
What is the remainder when 42 is divided by 10?
2
What is the remainder when 29543 is divided by 24?
23
Calculate the remainder when 801 is divided by 33.
9
Calculate the remainder when 35751 is divided by 118.
115
What is the remainder when 1032 is divided by 61?
56
Calculate the remainder when 106 is divided by 6.
4
Calculate the remainder when 6376 is divided by 44.
40
Calculate the remainder when 1175 is divided by 179.
101
What is the remainder when 17747 is divided by 97?
93
What is the remainder when 158 is divided by 46?
20
Calculate the remainder when 29 is divided by 22.
7
What is the remainder when 363 is divided by 21?
6
Calculate the remainder when 755 is divided by 67.
18
Calculate the remainder when 122 is divided by 34.
20
What is the remainder when 126 is divided by 58?
10
Calculate the remainder when 416 is divided by 22.
20
What is the remainder when 542 is divided by 87?
20
What is the remainder when 43 is divided by 14?
1
Calculate the remainder when 1836 is divided by 8.
4
Calculate the remainder when 1432 is divided by 36.
28
What is the remainder when 100 is divided by 41?
18
Calculate the remainder when 90 is divided by 64.
26
Calculate the remainder when 224 is divided by 61.
41
Calculate the remainder when 293 is divided by 30.
23
What is the remainder when 16 is divided by 16?
0
Calculate the remainder when 251 is divided by 68.
47
Calculate the remainder when 2037 is divided by 19.
4
Calculate the remainder when 228 is divided by 62.
42
Calculate the remainder when 33550 is divided by 24.
22
What is the remainder when 6304 is divided by 4?
0
Calculate the remainder when 74 is divided by 37.
0
Calculate the remainder when 93 is divided by 24.
21
What is the remainder when 3390 is divided by 564?
6
What is the remainder when 1745 is divided by 11?
7
Calculate the remainder when 18838 is divided by 15.
13
What is the remainder when 2869 is divided by 144?
133
What is the remainder when 533 is divided by 519?
14
Calculate the remainder when 778 is divided by 257.
7
Calculate the remainder when 450 is divided by 66.
54
What is the remainder when 70 is divided by 15?
10
What is the remainder when 460 is divided by 22?
20
Calculate the remainder when 175 is divided by 81.
13
Calculate the remainder when 1137 is divided by 563.
11
Calculate the remainder when 606 is divided by 355.
251
Calculate the remainder when 273 is divided by 26.
13
What is the remainder when 1533 is divided by 19?
13
Calculate the remainder when 878 is divided by 90.